e -3*s + 12 = 5*k + 131, s - b = k. Let t = k - -31. Calculate u(t).
0
Let v(a) be the first derivative of a**7/280 + a**6/180 - 2*a**3/3 - 17*a**2 - 86. Let y(j) be the third derivative of v(j). Suppose 4*i + 11 = 3. Give y(i).
-16
Let s = 373 + -365. Let a(l) be the second derivative of l**4/12 - l**3 - 7*l**2 - l. Let t be a(s). Let o(m) = m**2 + 2*m + 1. What is o(t)?
9
Suppose 0 = 86*c - 57*c + 290. Let r(g) = -g**2 - 10*g - 6. Determine r(c).
-6
Let b(d) = -29*d**2 + 2*d + 18. Let n(t) = 31*t**2 - 2*t - 20. Let l(m) = -9*b(m) - 8*n(m). Give l(-1).
13
Let b(o) = -23*o**3 + 17*o**2 - 18*o - 27. Let w(r) = 9*r**3 - 9*r**2 + 9*r + 14. Let d(z) = 2*b(z) + 5*w(z). Calculate d(-12).
52
Let w(z) be the third derivative of z**6/120 - 2*z**5/15 + z**4/6 + 7*z**3/2 - 100*z**2 - 3*z - 6. Give w(5).
-34
Let x(g) be the first derivative of g**2/2 - 3*g + 1. Suppose -2*l + 60*y + 10 = 63*y, 0 = 5*l + 4*y - 32. Give x(l).
5
Let f(x) = -x**2 + 3*x - 3. Let y = 173 - 171. Let k be (-130)/26*-2*1/y. Determine f(k).
-13
Let u(v) be the first derivative of v**5/20 - v**4/3 - 2*v**3/3 - 2*v**2 - 48*v + 71. Let g(h) be the first derivative of u(h). Determine g(5).
1
Let z be (21/14)/(1 + (-3)/6). Let x(h) = 1 - 9*h - 3 + 14*h - z*h. What is x(-2)?
-6
Suppose 4*o - 31 = -3. Suppose 0*d + t = -3*d + 14, 5*t = -2*d + 18. Let b(l) = -5*l**3 - d + 4*l**3 + 7*l**2 + 140*l - 139*l. What is b(o)?
3
Suppose 0 = -s - j - 4, -5*s + 19 = 2*j + 57. Let y(a) = 2*a - 9. Give y(s).
-29
Let f(p) = 30*p + 3*p - 28*p - 6*p**2 + 2*p**3 - 9. What is f(3)?
6
Let k(l) = l**3 + 6*l**2 - 4*l + 7. Let p(g) = -2*g**2 + 5*g - 5. Let f be p(5). Suppose b - 113 = -a + 4*a, 2*a + 3*b = -68. Let z = a - f. Determine k(z).
-14
Let h = 573 + -569. Let f(s) = 4*s**2 + 10*s + 33 - h*s**2 - 2*s**2 + s**2 - 29. What is f(11)?
-7
Suppose 2*x - 2*q = 8360, 16*q - 13*q + 4180 = x. Let c(p) = -8353 - p + x + 4183. Let f be -3*(-2)/((-12)/(-14)). Calculate c(f).
3
Let d(i) = i**2 + 20*i - 1. Let h(f) = f + 31. Let g be h(-51). Give d(g).
-1
Let y(r) = r**2 - 8*r - 3. Suppose 2*l + 5*f = 27, -33 = -5*l - 5*f - 3. Suppose -2*d = 9 + l, -2*k + 2*d + 24 = 0. What is y(k)?
-10
Suppose z = 1 + 1. Let r = 336 + -334. Let v(x) = -1 + 7*x**2 + 3*x**3 + 4*x**r - 12*x**2 - 2*x. Determine v(z).
15
Let h(x) = -2*x**2 + x + 39. Let j be (38 - 34) + ((-18)/(-15))/((-9)/30). Give h(j).
39
Suppose -a = -5*a + 20. Let r(h) = -9*h + 48. Let t be r(5). Suppose -5*n + 8 = -t*j + 5, -2*j = a*n + 2. Let x(l) = -l**2 + l + 4. Calculate x(n).
4
Let c(v) be the first derivative of -v**3 - 61 + 0*v**2 + v + 3/4*v**4. Determine c(-2).
-35
Let g(f) = 3*f**2 - 2 - 2*f + 2 - 2 - f**2. Suppose -16*b + 11*b = -25. Let k(n) = -n**2 + 8*n - 13. Let l be k(b). Determine g(l).
2
Let v(s) = 306*s**2 - 3996 + 3*s - 309*s**2 + 3983 + s**3. Calculate v(4).
15
Let z(s) = s**3 + 5*s**2 + 4*s + 7. Let c = 579 + -574. Suppose -21 = -c*l + 4, -5*t - 15 = 2*l. Give z(t).
-13
Let s = -37 + 38. Let k = 44 + -44. Let n(c) = s - 5 + k*c - 3*c. Calculate n(-5).
11
Let i = 1870 + -1875. Let p(c) = c**2 + 3*c + 6. Calculate p(i).
16
Let p(n) = -n + 4 - 5*n + 2*n. Let w(s) = -s**2 + 6*s + 9. Let g be w(7). Let x be (-1 + g)/((-9)/(-63)). Calculate p(x).
-24
Let s(z) be the second derivative of z**5/20 - z**4/6 - z**3/6 - z**2/2 - 10*z + 8. Calculate s(3).
5
Let r(f) = -125*f + 46. Let l(x) = -17*x + 7. Let z(o) = 30*l(o) - 4*r(o). What is z(7)?
-44
Let z(v) be the second derivative of 19*v**3/6 - 65*v - 8. Calculate z(-3).
-57
Let k be ((-2)/(-3))/((-2)/(-75)*5). Suppose -12*w = k*w. Let t(p) = p**2 - 2*p - 5. Calculate t(w).
-5
Let j(m) = -m - 1. Let b be j(2). Let s(w) be the third derivative of -1/12*w**4 + 0*w + 0 - 40*w**2 + 0*w**3. Give s(b).
6
Let q(c) = 5*c + 41. Suppose -3*n = -5*l - 109 + 156, -3*l = -2*n - 29. Give q(n).
21
Let k(w) = w**3 + 6*w**2 - 8*w - 1. Suppose -5*b + 5*c - 110 = 0, -2*b = -3*c - 2*c + 38. Let i be 180/b + 1/2. Determine k(i).
6
Let l(q) = 315 + 2*q**2 - 9*q - 167 - 144. Give l(6).
22
Let t(n) = 2*n + 4. Suppose 5*r + 42 = -k + 2*r, -2*k + 3*r = 66. Let a be 28/21*k/(-16). What is t(a)?
10
Let k be (1 + 1)*(0 + 1). Suppose 0 = -2*l - 2, 2*l - 4 = 2*p - 16. Let v(q) = -3*q. Let h(z) = 6*z - 1. Let s(a) = k*h(a) + p*v(a). What is s(-2)?
4
Let h(v) = -29*v**2 + 113*v + 37. Let g(w) = -26*w**2 + 108*w + 35. Let f(r) = -7*g(r) + 6*h(r). Determine f(10).
-3
Suppose 3*i - 3 = 0, -7*k = -3*k - i - 115. Let s(o) = 60*o**2 - 2*o - 37*o**2 - k*o**2 - o**3 + 7. Calculate s(-6).
19
Let t(x) = 2*x**2 - 30*x - 304. Let b be t(-7). Let q(j) = 3*j**2 - 2*j + 7. Give q(b).
47
Let s = -13 - -18. Suppose s*v + 5*j + 14 = 4, 0 = 2*v + 4*j + 12. Let z(c) = -c + 2*c + v*c - 9 - 4*c. Calculate z(-4).
-5
Let v = 6420 + -6430. Let d(t) = -t**2 - 16*t - 21. Give d(v).
39
Suppose 54*s = -76*s - 169*s + 598. Let y(v) be the second derivative of -v**4/12 + v**3/3 - v. Calculate y(s).
0
Suppose -3*m - 1 = -22. Suppose -2*s - 301 = -3*r - 2*r, r + 4*s = 47. Let c(p) = -30 - 28 - 7*p + p**2 + 0*p**2 + r. Determine c(m).
1
Suppose 10193*m = 10121*m - 573 + 141. Let r(x) = 20*x**2 + 10*x + 6. Let c(p) = -7*p**2 - 3*p - 2. Let b(i) = 17*c(i) + 6*r(i). What is b(m)?
-16
Let z(i) = -3*i**2 - 6*i**2 - 34 + 14*i - 2*i**2 + 0*i**2 + 12*i**2. Determine z(-14).
-34
Let u = 269 - 260. Let v(x) = -x + 5*x - u*x - 1 + 3*x. Give v(1).
-3
Let z = 273 - 267. Let v(p) = 16*p - 26*p + 12*p - 3 + 0 - z. Calculate v(-4).
-17
Let z(y) = -29*y + 10. Let u(f) = 32*f - 10. Let b(m) = -4*u(m) - 5*z(m). Determine b(6).
92
Suppose -2*p - 118 = -o, -o = p - 46 - 75. Suppose 3*t + 115 = -251. Let h = t + o. Let g(k) = -3*k**2 - 4*k - 2. Give g(h).
-6
Let h(z) = -40*z + 13. Let a(g) = 34*g - 13. Let k(b) = -6*a(b) - 5*h(b). Give k(5).
-7
Suppose 15*o = -20 + 200. Suppose -24 = -o*q + 84. Let n(a) = -a**2 + 10*a - 7. What is n(q)?
2
Let t(x) = -11 - 12*x - 11 + 26 - 19. What is t(-2)?
9
Let m(l) be the first derivative of -l**2/2 - 3. Let z be 84*1*((-100)/(-15))/2. Let x = z - 287. Calculate m(x).
7
Let z(v) be the third derivative of v**6/120 - v**5/60 - 3*v**4/4 - v**3/2 - 190*v**2 + 7. Give z(5).
7
Let v(x) = -6*x**3 - x**2 - 2*x - 2. Let u be v(-1). Let y(p) = -6*p + 13 - u*p - 6 + p**2. Calculate y(9).
-11
Let g(n) = -n**3 + 8*n**2 + 10. Let w = -2745 - -2752. Give g(w).
59
Let y be (1 + -4)/(6/(-32)). Let d = y - 8. Let n(u) = 6278*u - 22 + 14 - 6276*u. Determine n(d).
8
Let p(l) = 18*l + 2*l - 47*l - 12*l + 18*l. Give p(2).
-42
Let h be ((-64)/224)/((0 + -1)/7). Let r be 4/(h/(-3)*-3). Suppose 2*y = 4*v + 22, 3*y - y - 16 = r*v. Let a(q) = q - 3. Determine a(v).
-6
Let u(p) = 2*p**3 - 2*p**2 + p + 2. Let h be (6/(-5))/(((-70)/25)/7). Suppose h*t = 5 + 4. Suppose -10*r + t*r = -14. Give u(r).
12
Let q(h) = -h + 1. Let v(x) = 3*x - 8. Let f(g) = 4*q(g) + v(g). Let i = 378 + -376. Let m(w) = w**3 - w**2 + 3*w - 4. Let p be m(i). Give f(p).
-10
Let i(r) = 2*r + 4. Let m be 4*(-6 + (3 - -2)). Let q be (3/(-1))/(-6) + (-10)/m. Suppose b + 0*n = -5*n + 18, -q*b = -n + 26. Calculate i(b).
-10
Let z be (-32)/(-18)*9/2. Let g(n) = 5*n - 5. What is g(z)?
35
Let z(k) be the first derivative of 4*k - 7/2*k**2 - 6 - 1/4*k**4 - 3*k**3. What is z(-8)?
-4
Let o = -40 - -58. Let a(j) = o*j + 2 + 2 - 1 - 21*j. Suppose 3*k - 11 = -2*s, 9 - 1 = -4*s. Determine a(k).
-12
Let k = 30 - 26. Suppose -t = -5*t + k. Let b(h) = h**3 - 2*h**2 + h + 2. Let v(u) = 2*u**2 - u - 3. Let s(g) = 3*b(g) + 2*v(g). Calculate s(t).
2
Suppose -5*m + 2*o = 3 + 19, -4*m = -6*o. Let w(y) = 3*y**2 + 13*y + 13. What is w(m)?
43
Let b(m) = m**3 + 6*m**2 + m + 5. Suppose -5*g = -2*u + 32, 3*g + 14*u - 13*u = -17. Determine b(g).
-1
Let a(z) = z**2 - 3*z - 3. Let b be a(-2). Let k = b + -4. Let o(d) be the third derivative of d**6/120 - d**5/30 - d**4/12 + d**3/3 - 2*d**2 + 78*d. Give o(k).
5
Let q(a) = -2*a - 5. Let r = -182 - -128. Let i = r + 57. Suppose 2*f + 30 = -i*f. What is q(f)?
7
Let z(p) = -16*p**2 + p - 36. Let v(r) = -69*r**2 + 4*r - 145. Let c(j) = 3*v(j) - 13*z(j). Calculate c(0).
33
Let o(l) = 2*l**2 - 27*l + 34. Suppose -3*a = 4*i - 30, -16 + 10 = a. Give o(i).
-2
Let t(x) = x**3 + x - x + 1. Suppose 0 = -80*v + 552 + 248. Let p be 3/18*(300/5)/v. Calculate t(p).
2
Let f(m) = -58*m**3 - 114 + 178 + 2*m**2